divisor of 34 and z.
17
Let g be 2/6 - (-14)/3. Suppose 4*c = -2*d + 116, -3*c - g*d = 2*c - 140. Let v = -10 + 20. Calculate the greatest common factor of c and v.
10
Let z be 48/9*7/((-35)/(-15)). What is the greatest common divisor of 48 and z?
16
Let j = 1 - -1. Let w be (-110)/(-5) - (-4)/2. Let y be ((-2)/(-6))/(j/w). What is the greatest common factor of 16 and y?
4
Let a = 6 - -4. Let i(w) = -3*w - 9*w - 4*w. Let c be i(-5). Calculate the greatest common divisor of c and a.
10
Suppose -3*t + 88 = -2*t. Calculate the highest common divisor of 8 and t.
8
Suppose -64 - 386 = -3*i. Suppose -m - 14 = -2*w, -3*w = -m - 3*m - 16. Let r = 7 + w. What is the highest common divisor of r and i?
15
Suppose f + 4*p = 24, -5*p + 41 = f + 3*f. What is the highest common divisor of 6 and f?
2
Let p be -1 - (-69)/(-3)*-1. Suppose -38 - p = -2*l. Calculate the highest common divisor of 20 and l.
10
Let x be (2/4)/((-1)/(-4)). Suppose 2*p - 5*i + 5 + 1 = 0, x*p = 2*i. Calculate the greatest common divisor of 18 and p.
2
Let v = 7 + -3. Let l = v - 4. Suppose 3*i - 26 = -5*m, 0 = -2*i - l*i + m. Calculate the highest common factor of i and 2.
2
Let p = 5 - 3. Suppose -12 = -4*n + 4*w, 3*n - 7 = w - p. Let x = 6 + n. Calculate the greatest common divisor of 49 and x.
7
Suppose 3*j = -j + 16, 2*m - 6 = -3*j. Suppose 0 = g - 1 + 13. Let i = m - g. Calculate the greatest common factor of 27 and i.
9
Let g be -60 - (1/1 + 1). Let y be 3/9 + (-2468)/(-12). Let q = g + y. What is the greatest common divisor of q and 18?
18
Let v(c) = 42*c**3 - 2*c**2 + 1. Let a be v(1). Suppose -a = -l + 13. What is the greatest common factor of 36 and l?
18
Let l = -73 - -78. What is the highest common factor of 45 and l?
5
Let h be ((-252)/(-8))/((-2)/(-12)). Calculate the greatest common factor of 21 and h.
21
Let f = -4 - -8. Suppose 0 = -5*j + 148 + 2. Suppose 2*y = -f*u + j, -2*y - y - 27 = -3*u. What is the greatest common factor of u and 56?
8
Suppose -k = -18 - 94. What is the highest common divisor of k and 14?
14
Suppose -l = -5*l. Suppose l = a - 6*a + 10. What is the highest common divisor of 10 and a?
2
Let x(t) = t**2 + 9*t + 7. Let y be x(-8). Let g = 13 + y. What is the highest common divisor of g and 108?
12
Suppose 5*h = -4*a + 75, -4*a = -3*a - 2*h - 9. What is the greatest common divisor of 120 and a?
15
Let j(x) = x**2 + 10*x + 6. Let m be j(-10). Let c be (m/(-8))/((-2)/16). Calculate the greatest common divisor of c and 6.
6
Let a be ((-4)/6)/((-14)/(-273)). Let m = -9 - a. Calculate the highest common divisor of m and 32.
4
Let d(m) = -6*m - 5. Let c be d(-4). Suppose c = 2*j + o + 4, 0 = -5*j + 4*o + 5. Calculate the highest common divisor of 15 and j.
5
Let r(z) = z**3 - 10*z**2 + 7. Let y be r(10). Let f = y - -6. What is the greatest common factor of 26 and f?
13
Suppose -3*u - 57 = d, 5*d + 289 - 37 = -4*u. Let b = -18 - d. Calculate the greatest common factor of b and 12.
6
Let u(w) = w**3 - 2*w**2 + 7*w. Let i be u(3). Calculate the greatest common divisor of 90 and i.
30
Suppose 5*f - 53 = -2*h, -5*h + f + 144 = -2. Let d = h - 12. Suppose 1515 = 23*u - 831. What is the greatest common factor of u and d?
17
Let d(i) = i**2 - 18*i - 38. Let w be d(22). Suppose 20 = 4*k + g - 19, -2*g = 3*k - 28. What is the greatest common divisor of w and k?
10
Let h be 32 + -4 - 16/4. Calculate the greatest common divisor of h and 8.
8
Let b = 384 - 224. What is the greatest common divisor of b and 20?
20
Suppose -a + 3 = j - 0*a, 0 = j - 4*a - 18. Suppose 3*d - 42 + j = 0. Calculate the highest common factor of d and 132.
12
Suppose -v = -2*f + 13 - 3, -4*f + 20 = -v. What is the greatest common factor of f and 20?
5
Let r(y) = -y**3 + 15*y**2 - 9*y + 3. Let k be r(14). Let a be -4 + (-4)/(-4) + k. Calculate the greatest common divisor of 175 and a.
35
Let w be 6/9 - (-4)/(-6). Let n = w - -2. What is the highest common divisor of n and 22?
2
Let v be 20*((-12)/(-30) + 1/10). What is the greatest common divisor of 10 and v?
10
Let l be (-1 + 2)/(2/6). Suppose l = -3*j + 75. Let s(t) = 2*t - 4. Let c be s(6). Calculate the greatest common factor of j and c.
8
Let v = 85 - -69. Calculate the highest common divisor of 14 and v.
14
Suppose 0 = 2*w - 5*w + 378. Let z = 128 - 218. Let l = w + z. What is the greatest common factor of 12 and l?
12
Let u(i) = i. Let h(a) = -a**3 + a**2 + 2*a + 120. Let r(m) = h(m) - 2*u(m). Let t be r(0). What is the greatest common divisor of t and 15?
15
Suppose -3*b + 63 = -0. What is the greatest common divisor of 21 and b?
21
Let r(d) = -2*d - 4. Let n be r(-3). Let w be 1/(-1) + 31 - n. Let k be (-4)/(-10) - 136/(-10). What is the highest common factor of k and w?
14
Let c = 314 + -214. What is the greatest common factor of 250 and c?
50
Let p(j) = -j**2 + 7*j - 8. Let m be p(6). Let n be 300/(0 - m) - -1. Suppose -4*b + 169 + n = 0. Calculate the highest common factor of b and 10.
10
Let l be ((-6)/4 + 4)/(4/48). Calculate the highest common factor of l and 18.
6
Suppose -3*o - 3*g + 127 = -g, 0 = -5*o + 3*g + 180. Let i = 30 + -11. Let x = o - i. Calculate the highest common factor of x and 50.
10
Suppose 0 = 2*v + v + 12. Let z(b) = b**2 + b - 4. Let a be z(v). Calculate the highest common factor of a and 88.
8
Suppose 48 = 5*q - 2*q. Suppose 0*m = m - 120. Suppose m = 5*s - 0*s. What is the greatest common divisor of s and q?
8
Suppose c - 43 = -a + 6*a, -4*a + 3*c - 41 = 0. Let j(f) = f**2 + 8*f + 4. Let u be j(a). Calculate the greatest common divisor of 2 and u.
2
Let g = 144 + -83. Suppose 2*w - g = -13. Suppose -158 + 14 = -4*b. What is the highest common factor of b and w?
12
Let x(j) = 2*j**2 + 2*j + 114. Let p be x(0). Calculate the highest common factor of p and 38.
38
Suppose -x + 64 = x. Calculate the greatest common divisor of 112 and x.
16
Let i be ((-1)/(-3)*0)/1. Suppose 2*p = 8, -3*q - 34 = -p - i*p. Let g be 2/(-10) - 132/q. Calculate the highest common divisor of 65 and g.
13
Let a be (-1)/(3/1020*-2). What is the greatest common divisor of a and 10?
10
Suppose 0 = 9*m - 26 - 91. What is the greatest common factor of 65 and m?
13
Let r(n) = -n**2 + 8*n + 14. Let q be r(10). Let c(k) = -k**3 - 6*k**2 - 4*k - 3. Let g be c(q). What is the greatest common divisor of g and 3?
3
Let h be 500/16 - 1/4. What is the greatest common factor of 31 and h?
31
Suppose -f = 3*f + 12, -3*f = -3*h + 66. Calculate the greatest common divisor of h and 209.
19
Suppose -2*r + 32 = 5*x - r, -x = -5*r + 4. Let i(z) = -z**3 + 10*z**2 + 13*z + 20. Let g be i(11). Calculate the greatest common factor of g and x.
6
Let y(v) = -v + 2. Let q be y(-2). Let r = q + 0. Let j be 4/(-5)*(-70)/r. Calculate the greatest common factor of j and 2.
2
Suppose -30 = -b + 4*b. Let a(i) = i**3 - 4*i**2 - i - 2. Let w be a(5). Let c = w + b. Calculate the highest common factor of 24 and c.
8
Let j be 64 + (-4 + 2 - -2). Let y be (96/9)/(-2 - (-8)/3). Calculate the greatest common divisor of j and y.
16
Suppose -3*o + 2*j + 45 = 0, 3*j + 52 = 3*o + 7. What is the greatest common factor of o and 45?
15
Let f(m) = -m**2 - 6*m - 2. Let r be f(-3). Let w = -3 + r. Calculate the greatest common divisor of 36 and w.
4
Suppose 15*n = 10*n + 55. Calculate the highest common factor of n and 209.
11
Suppose 7*w = 2*w + 20. Suppose -w*l - 3 + 51 = 0. What is the greatest common divisor of l and 3?
3
Suppose -1 = i, -4*y + 19 = 4*i + 3. Let r(p) = 4*p + 1. Let f be r(6). Calculate the highest common divisor of f and y.
5
Let l be 95/(-2)*((-39)/15 + 1). Calculate the greatest common divisor of 19 and l.
19
Let m = -6 - -8. Suppose m*l - 272 = -4*y, -6*l - 3*y = -l - 666. What is the highest common divisor of l and 12?
12
Let l(o) = 7*o + 8. Let j be l(-7). Let r = -23 - j. What is the highest common divisor of r and 2?
2
Suppose 4*p - 2 = 4*j + 2, 0 = -2*p - 5*j + 9. Suppose -3*v + 8 = -c, 3*c - v + 6*v = 32. What is the highest common factor of c and p?
2
Let p(d) = 3*d**3 - 3*d**2 + 3*d - 2. Let f be p(2). What is the highest common factor of f and 16?
16
Suppose -266 = -30*z + 16*z. Let v(b) = 14*b + 6. Let i be v(5). What is the greatest common factor of z and i?
19
Let z = -471 - -680. Calculate the greatest common factor of z and 19.
19
Let r(i) = 0*i + 